4935?
0
Calculate the remainder when 470785 is divided by 7242.
55
Calculate the remainder when 376802 is divided by 989.
982
What is the remainder when 31790 is divided by 2290?
2020
What is the remainder when 34875214 is divided by 101677?
3
Calculate the remainder when 26581958 is divided by 26581941.
17
Calculate the remainder when 1057168 is divided by 70470.
118
Calculate the remainder when 5132377 is divided by 4874.
55
Calculate the remainder when 2433682 is divided by 43.
11
What is the remainder when 150851249 is divided by 159?
158
What is the remainder when 1518059 is divided by 2965?
2944
Calculate the remainder when 2643025 is divided by 44797.
2
Calculate the remainder when 2648793 is divided by 882901.
90
Calculate the remainder when 316938746 is divided by 11204.
11198
What is the remainder when 14706159 is divided by 140?
139
Calculate the remainder when 10314 is divided by 1838.
1124
Calculate the remainder when 60688 is divided by 15122.
200
What is the remainder when 20962249 is divided by 1108?
1105
What is the remainder when 793248 is divided by 1486?
1210
Calculate the remainder when 15712159 is divided by 40.
39
Calculate the remainder when 2518434 is divided by 61.
49
Calculate the remainder when 2350928 is divided by 1437.
1433
Calculate the remainder when 1127254 is divided by 698.
682
Calculate the remainder when 51928 is divided by 8614.
244
What is the remainder when 229884 is divided by 2555?
2489
What is the remainder when 327112 is divided by 616?
16
What is the remainder when 19736135 is divided by 1409723?
13
Calculate the remainder when 4036402 is divided by 388.
38
What is the remainder when 330357165 is divided by 804?
801
Calculate the remainder when 27582836 is divided by 48.
20
Calculate the remainder when 3222719 is divided by 3222691.
28
Calculate the remainder when 8752434 is divided by 6743.
20
Calculate the remainder when 192952072 is divided by 53.
7
What is the remainder when 7016875 is divided by 1403375?
0
What is the remainder when 1274437 is divided by 659?
590
What is the remainder when 76361030 is divided by 42?
32
What is the remainder when 201269 is divided by 163?
127
Calculate the remainder when 43820 is divided by 31.
17
Calculate the remainder when 464977 is divided by 268.
265
Calculate the remainder when 15589023 is divided by 661.
660
What is the remainder when 4003039 is divided by 1971?
1909
What is the remainder when 4873 is divided by 1849?
1175
What is the remainder when 1535229 is divided by 7075?
7029
Calculate the remainder when 2944690 is divided by 681.
46
Calculate the remainder when 18556612 is divided by 988.
984
What is the remainder when 900037085 is divided by 567?
563
Calculate the remainder when 42058 is divided by 20981.
96
Calculate the remainder when 3168728 is divided by 190.
98
Calculate the remainder when 2157452 is divided by 4701.
4394
What is the remainder when 2929954 is divided by 74?
72
Calculate the remainder when 15036836 is divided by 252.
248
Calculate the remainder when 318712 is divided by 1270.
1212
Calculate the remainder when 205590 is divided by 16978.
1854
What is the remainder when 224969 is divided by 43?
36
Calculate the remainder when 1663720 is divided by 4673.
132
What is the remainder when 1676249 is divided by 209524?
57
What is the remainder when 422701 is divided by 301?
97
Calculate the remainder when 86458936 is divided by 93.
91
What is the remainder when 7404150 is divided by 1149?
1143
What is the remainder when 3112298 is divided by 1876?
14
What is the remainder when 35475648 is divided by 177?
69
What is the remainder when 162611 is divided by 670?
471
Calculate the remainder when 155750 is divided by 3468.
3158
Calculate the remainder when 1827694 is divided by 14981.
12
What is the remainder when 218225 is divided by 218212?
13
Calculate the remainder when 230535 is divided by 149.
32
Calculate the remainder when 913831 is divided by 1196.
87
Calculate the remainder when 133964 is divided by 698.
646
Calculate the remainder when 2374780 is divided by 128.
124
What is the remainder when 3087315 is divided by 290?
265
Calculate the remainder when 78294 is divided by 1568.
1462
Calculate the remainder when 12688873 is divided by 141.
1
What is the remainder when 8354406 is divided by 33?
27
What is the remainder when 22008 is divided by 2816?
2296
What is the remainder when 226522 is divided by 1105?
1102
What is the remainder when 353380 is divided by 670?
290
What is the remainder when 36376440 is divided by 1039?
11
What is the remainder when 1759207 is divided by 36?
31
What is the remainder when 98556 is divided by 1204?
1032
Calculate the remainder when 384500 is divided by 20221.
301
What is the remainder when 5816868 is divided by 1025?
1018
Calculate the remainder when 104759 is divided by 14964.
11
Calculate the remainder when 3237882 is divided by 1618886.
110
Calculate the remainder when 497823 is divided by 65.
53
What is the remainder when 67470653 is divided by 635?
633
Calculate the remainder when 865424 is divided by 5.
4
What is the remainder when 2476700 is divided by 873?
872
Calculate the remainder when 2586599 is divided by 194.
191
What is the remainder when 3011821 is divided by 17821?
72
What is the remainder when 577069 is divided by 44?
9
Calculate the remainder when 4477686 is divided by 2699.
45
What is the remainder when 1536118 is divided by 1536042?
76
Calculate the remainder when 265552051 is divided by 418.
413
Calculate the remainder when 7242042 is divided by 5649.
24
Calculate the remainder when 1907264 is divided by 9168.
320
Calculate the remainder when 17707334 is divided by 2426.
2386
Calculate the remainder when 173051658 is divided by 1122.
1110
What is the remainder when 188459 is divided by 12700?
10659
Calculate the remainder when 1886082 is divided by 22.
0
What is the remainder when 36860991 is divided by 8?
7
Calculate the remainder when 41894936 is divided by 667.
666
What is the remainder when 1245119 is divided by 189?
176
What is the remainder when 83831 is divided by 83738?
93
What is the remainder when 215811311 is divided by 4518?
5
Calculate the remainder when 20860631 is divided by 132.
11
Calculate the remainder when 511914 is divided by 7.
4
Calculate the remainder when 108980 is divided by 5722.
262
Calculate the remainder when 169767 is divided by 1174.
711
What is the remainder when 7318259 is divided by 679?
676
Calculate the remainder when 11226392 is divided by 49.
2
Calculate the remainder when 4441895 is divided by 152.
151
What is the remainder when 30081614 is divided by 3874?
4
Calculate the remainder when 3409378 is divided by 2877.
133
Calculate the remainder when 894575337 is divided by 4140.
4137
Calculate the remainder when 29356464 is divided by 17.
14
What is the remainder when 6881399 is divided by 657?
638
What is the remainder when 556570 is divided by 1361?
1282
Calculate the remainder when 38059694 is divided by 57.
53
Calculate the remainder when 777747 is divided by 122.
119
Calculate the remainder when 16371 is divided by 351.
225
Calculate the remainder when 13336050 is divided by 13336031.
19
Calculate the remainder when 4619466 is divided by 410.
406
Calculate the remainder when 2785016 is divided by 557002.
6
Calculate the remainder when 32831 is divided by 1224.
1007
Calculate the remainder when 29151298 is divided by 364391.
18
What is the remainder when 11006817 is divided by 42828?
21
Calculate the remainder when 3657008 is divided by 3.
2
What is the remainder when 47658139 is divided by 1254161?
21
What is the remainder when 102809 is divided by 102654?
155
Calculate the remainder when 2383804 is divided by 2383802.
2
What is the remainder when 901754 is divided by 90106?
694
Calculate the remainder when 60036850 is divided by 182.
146
Calculate the remainder when 5618071 is divided by 702258.
7
What is the remainder when 9731257 is divided by 2401?
4
What is the remainder when 2622827 is divided by 4805?
4102
What is the remainder when 156991 is divided by 1265?
131
What is the remainder when 39919094 is divided by 9979769?
18
Calculate the remainder when 76804 is divided by 10620.
2464
Calculate the remainder when 39149537